7) to base 4
-322020322
Convert 1242522 (base 6) to base 15.
15248
Convert -41c3 (base 14) to base 6.
-124303
21424201 (base 5) to base 10
186176
What is -2332330201 (base 4) in base 14?
-165053
Convert -100001102110 (base 3) to base 9.
-301373
-10110011011100100100 (base 2) to base 6
-23430500
Convert -1d30a (base 14) to base 4.
-102032332
What is -30534aa (base 11) in base 13?
-116a627
24042004 (base 5) to base 3
102020211212
Convert -545742 (base 10) to base 12.
-2239a6
Convert 333123343 (base 5) to base 4.
11203330311
Convert -2062227 (base 12) to base 6.
-334425251
What is -11624646 (base 7) in base 3?
-1222021022200
Convert -255676 (base 8) to base 11.
-6097a
-6165644 (base 8) to base 13
-4524ab
-100020122210101 (base 3) to base 8
-22575565
-b8349 (base 15) to base 13
-176139
What is 100001010010101011111 (base 2) in base 13?
2c2713
-1dd8b2 (base 15) to base 8
-5452056
Convert -102b8b8 (base 14) to base 16.
-748d0a
-a7371 (base 13) to base 3
-120022200221
What is -34076 (base 16) in base 14?
-57942
1002001120220 (base 3) to base 15
b4710
What is -628a1 (base 11) in base 5?
-10412322
What is 13226324 (base 8) in base 6?
143242244
-147b7 (base 14) to base 16
-c6ed
1684043 (base 13) to base 5
3331320043
-3320156 (base 10) to base 13
-8c32b8
Convert -6615858 (base 11) to base 5.
-10433233444
102112122120011 (base 3) to base 10
6134215
Convert 97904 (base 10) to base 14.
27972
What is 14d53 (base 14) in base 2?
1100101100101101
What is -3287140 (base 9) in base 13?
-49c91a
What is -101100110101000001010010 (base 2) in base 14?
-17bc894
What is -208da (base 16) in base 3?
-20202220110
What is 10101100000100 (base 2) in base 9?
16085
Convert 4321314 (base 9) to base 7.
25460104
4708726 (base 11) to base 7
126624645
Convert 341391 (base 11) to base 4.
2010230113
-13cb5 (base 14) to base 2
-1100000000000111
Convert -12012010101121 (base 3) to base 4.
-22201113031
What is 7300c5 (base 13) in base 10?
2684895
Convert 1164477 (base 13) to base 15.
713bc0
What is 11103022 (base 5) in base 12?
48352
-4110312301 (base 5) to base 2
-11111101000010011111000
130000213 (base 4) to base 15
23ed7
Convert -606118 (base 9) to base 14.
-94a62
20204446 (base 7) to base 13
46b95b
-5471688 (base 9) to base 10
-2940623
-1422220 (base 6) to base 15
-18e63
Convert 26246162 (base 8) to base 15.
7a9019
323013030 (base 4) to base 5
30221444
Convert -102275 (base 8) to base 16.
-84bd
What is -7a7b (base 12) in base 15?
-408b
What is 581c4 (base 14) in base 15?
437d5
-111110000010010110 (base 2) to base 12
-103072
What is -11626628 (base 10) in base 12?
-3a88458
Convert -3064 (base 12) to base 9.
-7184
106503 (base 7) to base 9
28186
Convert 24342414 (base 5) to base 16.
38648
What is 1415224 (base 7) in base 11?
11a098
What is 332156 (base 8) in base 13?
3bb14
26462 (base 9) to base 12
a418
What is -1030443222 (base 5) in base 15?
-2d7ac7
2063542 (base 8) to base 11
346876
Convert -1047746 (base 11) to base 10.
-1840339
-401337 (base 10) to base 2
-1100001111110111001
What is 10441551 (base 7) in base 14?
1964d1
Convert 2452426 (base 8) to base 3.
1021101212100
What is -102020212200011 (base 3) in base 13?
-131559a
-b1bcb (base 13) to base 12
-13430a
Convert 301010 (base 8) to base 11.
68280
What is 1101110100010101010 (base 2) in base 12?
19a036
Convert -452166 (base 14) to base 11.
-1364a51
What is 1580b (base 16) in base 11?
60199
What is -45530714 (base 8) in base 2?
-100101101011000111001100
2a85 (base 12) to base 10
4997
What is 600600 (base 9) in base 14?
93416
What is 62750 (base 15) in base 10?
312150
Convert -1000759 (base 10) to base 8.
-3642467
118048 (base 9) to base 2
10001011100111110
Convert 12635043 (base 7) to base 9.
2171050
What is -5a50617 (base 11) in base 3?
-201211121021020
What is c11d (base 14) in base 12?
17227
Convert -10010001110011100111 (base 2) to base 13.
-17bab3
What is 75981 (base 16) in base 12?
1b28a9
-53076 (base 12) to base 14
-2b9c6
Convert -94186 (base 12) to base 14.
-50898
Convert 24442314 (base 5) to base 8.
711144
20252525 (base 6) to base 15
b7908
What is -1021112021020 (base 3) in base 14?
-139967
-2409669 (base 10) to base 9
-4472400
-2455133 (base 6) to base 13
-48135
What is -446010 (base 8) in base 10?
-150536
What is -124109 (base 10) in base 2?
-11110010011001101
What is 18506 (base 11) in base 14?
9620
52ab4 (base 13) to base 16
2462c
What is -949795 (base 10) in base 4?
-3213320203
Convert -20101122112220 (base 3) to base 8.
-14755177
What is -13123233 (base 7) in base 3?
-2020221001200
Convert -12063121 (base 7) to base 15.
-1634ca
What is -38367a (base 11) in base 5?
-123330322
What is -160c028 (base 13) in base 4?
-123000300011
Convert -3758b (base 15) to base 4.
-223021310
What is ee5 (base 16) in base 10?
3813
What is 80148 (base 9) in base 5?
3140423
What is -49356 (base 15) in base 12?
-b3253
-13123103112 (base 4) to base 3
-10122220120010
What is 200212222121 (base 3) in base 12?
15b197
Convert 2233200011 (base 4) to base 10.
718853
-11833326 (base 9) to base 11
-3308384
1021202120010 (base 3) to base 10
684210
What is -140020533 (base 6) in base 13?
-7715a3
What is 2201220012 (base 3) in base 9?
81805
What is -34113644 (base 7) in base 14?
-571524
200010101 (base 3) to base 2
11001110011101
Convert 1021247 (base 9) to base 14.
102b21
What is -14d7b (base 15) in base 2?
-10000011001011110
Convert 60084 (base 9) to base 13.
14c50
-1380c7 (base 15) to base 6
-32040341
Convert 3657746 (base 8) to base 9.
1805134
Convert -10303211 (base 4) to base 15.
-5c75
Convert 2d0a1 (base 14) to base 3.
12201112001
104434401 (base 5) to base 11
29a767
Convert 47370 (base 10) to base 11.
32654
What is 431693 (base 15) in base 13?
87aba8
-126164 (base 11) to base 7
-1454514
What is 1436144 (base 8) in base 13?
114028
-2604568 (base 9) to base 8
-5326417
Convert -1210122001220 (base 3) to base 5.
-221112403
21431424 (base 5) to base 12
8bb09
What is -2402233 (base 6) in base 4?
-132200031
11000001101111000 (base 2) to base 11
68585
30132111 (base 5) to base 13
85111
1373268 (base 9) to base 4
2320302332
Convert 19c1c (base 14) to base 16.
ffd2
-21352004 (base 6) to base 16
-9b764
Convert -100001001101001010001100 (base 2) to base 11.
-4a05a30
baecb (base 15) to base 14
116662
Convert -44747d (base 14) to base 7.
-25522416
100999 (base 10) to base 3
12010112201
-56613320 (base 8) to base 16
-bb16d0
What is -14386805 (base 10) in base 6?
-1232205325
Convert 263262 (base 10) to base 3.
111101010110
What is -15205041 (base 6) in base 16?
-815d1
What is -10000001110110111 (base 2) in base 16?
-103b7
2205012 (base 6) to base 3
12120211022
Convert 4322a (base 13) to base 7.
1013244
Convert -716836 (base 15) to base 8.
-24434077
Convert -7268 (base 14) to base 4.
-10303230
What is 304517 (base 11) in base 15?
99dba
-101010010101100000 (base 2) to base 6
-3414452
What is 15557552 (base 8) in base 9?
6680868
Convert 13032444 (base 6) to base 16.
679cc
Convert -12508 (base 11) to base 6.
-214540
What is 550222 (base 8) in base 6?
3542002
What is -2321320123 (base 4) in base 16?
-b9e1b
What is -8506b1 (base 15) in base 10?
-6329641
Convert -13b6786 (base 15) to base 4.
-312112122120
1656c (base 13) to base 9
64480
What is -807864 (base 9) in base 12?
-1b08a1
-21103110 (base 4) to base 13
-1445a
22223 (base 11) to base 9
48160
11402342 (base 5) to base 2
11010000001100101
Convert 122111312 (base 4) to base 13.
3a157
What is 4040232034 (base 5) in base 7?
126063343
Convert -11122102211121 (base 3) to base 9.
-4572747
What is 12220011022 (base 3) in base 14?
303d9
What is -26234061 (base 7) in base 5?
-1103121322
Convert 159981 (base 15) to base 2.
11111111001000011101
What is -55a2790 (base 11) in base 7?
-146260362
110b09 (base 16) to base 4
10100230021
10110102021122 (base 3) to base 15
264c2e
9d28c (base 15) to base 12
201496
-2315a (base 14) to base 7
-503543
Convert eac3 (base 15) to base 14.
1416b
Convert -277381 (base 9) to base 15.
-35314
-1053610 (base 7) to base 10
-130984
What is a831bd (base 14) in base 12?
1aa7297
Convert 12020332220 (base 4) to base 7.
16452554
Convert -1163455 (base 8) to base 15.
-6531a
100400 (base 7) to base 12
9a0b
Convert 5031454 (base 10) to base 7.
60523651
What is -28572756 (base 9) in base 6?
-12